 be the third derivative of s**5/60 + s**3/3 + 4*s**2. Determine k(-2).
6
Let h(d) = 4*d**2 - 9*d + 2. Let g(u) = 2*u**2 - 5*u + 1. Let f(v) = -7*g(v) + 4*h(v). Give f(1).
2
Suppose c - 3*d + 0*d - 4 = 0, 4*c + 5 = 5*d. Let p(o) be the third derivative of -o**4/24 - o**3 - 6*o**2. Calculate p(c).
-1
Let t(s) be the first derivative of -7*s**3/3 + s**2/2 - 19. Suppose 0 = -5*o + q + 23, -2*q + q = 4*o - 22. Suppose 4 = -o*n + n. Give t(n).
-8
Let q(j) be the second derivative of j**3/6 - j. Let d be 24/18*(-3 + (-15)/(-2)). Calculate q(d).
6
Let p(u) = 15 - 9 - 5*u - 2*u + u**2. Let d(y) = y**2 - 8*y + 7. Let n(t) = 6*d(t) - 7*p(t). Determine n(3).
-6
Suppose 1 = 2*c + 11. Let g(z) = -z - 10. Calculate g(c).
-5
Let c(i) = -i**2 + 3*i + 2. Suppose -3 = -5*p + 12. What is c(p)?
2
Let z(j) = -2*j + 1. Let k be 15/60 + 50/(-8). Give z(k).
13
Let g(s) = -s**2 + s - 1. Let o be 0/(-2) + 10 - 4. Let v(a) = 7*a**2 - 11*a + 12. Let m(u) = o*g(u) + v(u). Calculate m(4).
2
Let g(w) = -36*w**3 - 2 + 5 - w + 0 + 35*w**3. What is g(0)?
3
Let t(v) be the first derivative of -2*v - 1/12*v**4 + 1 + 2*v**2 + 0*v**3. Let g(m) be the first derivative of t(m). Determine g(0).
4
Let x(a) = -a + 8. Suppose 14*n - 54 = 5*n. Calculate x(n).
2
Let l(u) be the first derivative of -u**2/2 - 3*u - 12. What is l(4)?
-7
Let l(w) = -2*w + 9. Suppose -p - 3*s + 4*s + 8 = 0, 3*p - 23 = 4*s. Calculate l(p).
-9
Let k(f) = 9*f - 2*f - 3*f + 2*f**2 + 0*f. Let a be k(-3). Let d(j) = -2*j + 7. What is d(a)?
-5
Let y(d) be the second derivative of d**5/20 - d**4/6 + d**3/6 + d**2/2 + 3*d. Calculate y(2).
3
Suppose -5*r + 9 = p - 8, -5*p = -4*r + 2. Let x(z) be the second derivative of z**5/10 - z**4/12 - z**3/2 + 3*z**2/2 + 4*z. Determine x(p).
9
Let t(f) be the first derivative of 7*f**4/4 - f**2 - f - 4. Give t(-1).
-6
Let y(q) be the first derivative of -q**3 + 2*q - 1/4*q**4 + 0*q**2 - 2. What is y(-2)?
-2
Suppose 0 = -16*p + 7*p + 45. Let h(o) = -15*o + 7. Let u(x) = 7*x - 3. Let r(w) = -6*h(w) - 13*u(w). Calculate r(p).
-8
Let y(z) = 1 - z**2 + z**2 - 10*z + 15*z - z**3 + 2*z**2. Suppose -7*j - 2*o = -2*j - 22, -25 = -5*j - 5*o. Calculate y(j).
-11
Let c(a) = -a**2 + 6*a - 6. Let f be c(4). Let g(l) = 2*l**f - 3*l - 2*l - 3*l**2. Let b be 1/2*(-11 + 3). Calculate g(b).
4
Let v(w) = 3*w - 1. Suppose 0 = -7*f + 2*f + 15. Let x(k) = k**3 - 4*k**2 + 4*k - 4. Let d be x(f). Determine v(d).
-4
Let l be 104/18 - 9/((-162)/4). Let s(r) = -9 - 2*r**2 + 7*r + r**2 + r + 0*r. What is s(l)?
3
Let l(h) = 57 + 3*h**3 + 0*h**3 - 4*h**3 - 45. Give l(0).
12
Suppose 4*w - 4*m - 9 = -3*m, 4*w - 6 = 2*m. Let q(d) = w*d + d + 2*d - 5*d. Give q(3).
3
Let v(m) = m**3 + m**2 - 5*m - 3. Let h be v(-3). Let k be 4/h - (-16)/6. Let r(f) be the third derivative of -f**4/12 + f**3/2 - 88*f**2. Calculate r(k).
-1
Let m(k) = -4*k - 3. Let p(i) = -17*i - 13. Let x(t) = 9*m(t) - 2*p(t). Suppose -24 = -5*n + 3*v, -v = 2*n + v. Suppose n*b - 14 + 8 = 0. Determine x(b).
-5
Let b be (-8)/(-8)*(-6)/2. Let n(o) = 2*o**2 + 2*o - 4. What is n(b)?
8
Let l(r) be the third derivative of r**6/120 - r**5/20 - r**4/12 - r**3/3 + 4*r**2. Calculate l(4).
6
Let r(z) = -z**2 + 250*z + 4 - 250*z - 5. Calculate r(0).
-1
Let i be (-88)/11*(-2)/4. Let q be 296/(-104) - i/26. Let m(o) = -o**3 - 2*o**2 + 2*o + 1. Calculate m(q).
4
Let j(n) = 1 - 84*n - n**2 + 90*n + 2*n**2 + 3*n**2 - n**3. Suppose -5*p = -5*m + 5, -6*p + 40 = 4*m - p. Give j(m).
6
Let p(r) be the third derivative of 3*r**2 + 0*r + 1/24*r**4 - 1/3*r**3 + 0. Let u = -2 - 3. Determine p(u).
-7
Let b(i) = -3*i**3 - 4*i**2 + 3 + 6*i - 6*i**2 + 15*i**2. Let s(x) = 7*x**3 - 10*x**2 - 13*x - 6. Let p(t) = 9*b(t) + 4*s(t). Calculate p(-5).
-7
Let i(b) be the first derivative of -b**3/3 - b**2/2 - b + 2. Suppose 0 = -0*d - 5*d + 15. Suppose -d*q + 4*r = 8, -8 = -0*r - 4*r. Give i(q).
-1
Let c(g) = -3*g**2 - 4*g - 3. Suppose 0 = 5*w - w, -2*w + 4 = -2*q. What is c(q)?
-7
Let s(b) = -1 + 8 - 3*b + b - b**2. Suppose 10 = 4*j - 2*j. Let q be (-6)/(-10) + (-28)/j. Calculate s(q).
-8
Let p(b) be the second derivative of -2*b**3/3 - 4*b. Give p(1).
-4
Suppose -5*s = -2 - 8. Let k(r) = 1 - r - 2*r**s + r**2 - 6*r**2. Let t be (-5)/(-3) - 4/6. Determine k(t).
-7
Let f(u) = -2 - 3*u**2 + 0*u**2 + u**3 - u - 2 + 2*u. Let y be 1 + -1 + 18 + -15. What is f(y)?
-1
Let s be (-4)/(-16) - (-1)/(-4). Suppose -2*g + 3 + 3 = s. Let b(m) = g - m - 3 - 1. Calculate b(1).
-2
Let m(a) = -3*a - 2. Let d(l) = l. Let z = 2 - 4. Let h be (z/(-6))/((-2)/(-12)). Let w be d(h). Give m(w).
-8
Let c(f) = f**2 + 6*f + 3. Let v be c(-6). Suppose -v*h + 4*h = 0. Let q(g) = -g**3 - 6. Calculate q(h).
-6
Let b(y) = -y**3 + 4*y**2 + 7*y - 7. Let d be b(5). Let x(t) = -23*t + 21*t - 2*t**2 + t**d - 2*t**3. Determine x(-2).
4
Suppose 8*i = 9*i - 10. Suppose -2*h - 2*w = -18, 5*h - w = w + i. Let x(k) = -3*k - 2*k + h*k + 1 - k. Give x(-1).
3
Let n(a) = 19*a**3 - 2*a**2 - 2*a - 1. Let z = -35 + 34. What is n(z)?
-20
Suppose 0 = -5*j + 7*j + 16. Let l be j/4 + 2 - -4. Let u(n) = -n + 1. Determine u(l).
-3
Let b(w) = -6*w**3 - w**2 - 2*w - 1. Let s be b(-1). Let v(q) be the third derivative of -q**5/60 + q**4/4 + q**3/3 - 4*q**2. Calculate v(s).
2
Let n(i) be the second derivative of i**6/120 - i**5/15 - i**4/8 + i**3/3 - 2*i**2 - 3*i. Let l(x) be the first derivative of n(x). Determine l(4).
-10
Let l(y) = y. Let j = 3 - 6. Let c be -3*j/9*-2. Determine l(c).
-2
Let a = 0 - -5. Let c(o) = o**3 + 4*o**2 - a*o**2 - 3*o + o + 2. Calculate c(2).
2
Let c(l) be the first derivative of 3*l**2 - l - 1. Suppose 0 = 12*w - 3 - 9. Determine c(w).
5
Let p(u) be the second derivative of -u**5/60 + 5*u**4/24 - u**3/2 - 3*u**2/2 - u. Let d(w) be the first derivative of p(w). What is d(3)?
3
Let y(h) = -14 + 12 - h**3 + 2*h**2 + 2*h**2 - h. Let s(u) be the third derivative of u**5/60 - 7*u**4/24 + 3*u**3/2 - 2*u**2. Let n be s(6). What is y(n)?
4
Let c(b) = 4*b**2 - 3*b + 2. Let n be c(1). Let u(w) = 4*w - n*w + 1 - 4*w. Determine u(1).
-2
Let w(i) = -i**3 - i**2 + i. Let r(h) = -5*h**3 - 12*h**2 + 9*h + 7. Let x(b) = -r(b) + 6*w(b). What is x(5)?
3
Let t = 8 + -4. Let n(b) be the third derivative of 0*b + 1/12*b**t + 0 - 1/60*b**5 - 2*b**2 + 5/6*b**3. What is n(4)?
-3
Let j(f) = 2*f**2 - 2*f + f**3 + 3*f**2 - 2*f**2 + 5 - 2*f. Let x(a) = a**2 - 6*a - 4. Let u be x(6). What is j(u)?
5
Let y(i) = 9*i**2 - 3*i - 7. Let x(n) = 5*n**2 - 2*n - 4. Let d(o) = 7*x(o) - 4*y(o). What is d(-3)?
-3
Let y(p) be the first derivative of -p**3/3 + p**2/2 + 5*p + 2. Let b(g) = -2*g**2 + 3*g + 9. Suppose 11 = 6*s + 35. Let t(k) = s*b(k) + 7*y(k). What is t(3)?
-7
Let g(w) = 6*w - 3. Let d(a) = a - 1. Let j(q) = 4*d(q) - g(q). Give j(3).
-7
Let h(n) be the third derivative of n**4/24 + 2*n**2. Give h(1).
1
Let r(w) be the first derivative of -2*w**2 - 4 + 5*w**2 - 4*w**2 + 1. Determine r(-3).
6
Let l(t) be the first derivative of 2*t**2 + 1/3*t**3 - 2 + 0*t. Let o(b) = -2*b**2 + 5*b - 2. Let x be o(3). What is l(x)?
5
Let s(u) = 3*u - 3*u + 2*u - 4*u - u**2 + 2. Let w(a) = a**3 - 2*a**2 - 3*a + 3. Let h be w(2). Give s(h).
-1
Let y be (-27)/(-18) + 2*1. Let x(k) be the first derivative of -1/3*k**3 - 3*k + y*k**2 + 3. Calculate x(6).
3
Let y be (-14)/49 - 23/(-7). Let p(k) = 2*k**3 - 2*k**2 - k**3 + 0*k**3 - 2*k**y + k. Determine p(-3).
6
Let p(b) = 9*b - 17. Let z = -14 - -17. Let t(v) = 4*v - 8. Let l(u) = z*p(u) - 7*t(u). What is l(3)?
2
Let f(g) be the second derivative of -g**5/20 - 5*g**4/12 + g**3 + g**2 - 4*g. What is f(-6)?
2
Let s(k) = 5*k + 4*k**2 - 2*k + 7 + 5*k - 3*k**2. Let y be -2 + 5*(0 + -1). Determine s(y).
0
Suppose -3*y - 2*c + 22 = 2*c, -c + 12 = 4*y. Let m(g) = 4*g**2 - 1 - 2*g**2 - y*g - 1 - g**3. Suppose 0*s - 2*s = -4. Calculate m(s).
-6
Let i(a) = a - 3. Let k(l) = -l**3 - 7*l**2 + 9*l + 12. Let z be k(-8). Determine i(z).
1
Let v(n) = -n**3 - 5*n**2 + 7*n + 6. Let b = -66 - -60. Determine v(b).
0
Let j(a) be the first derivative of -a**5/120 - a**4/24 - 4*a**3/3 - 5. Let g(h) be the third derivative of j(h). Determine g(1).
-2
Suppose 2*v + 9 = -v. Let c(g) = g + 1. What is c(v)?
-2
Suppose 3*z = -3*p, 0*p - 3*p = z + 8. Let q(j) be the second derivative of -j**4/12 + j**3/2 + 3*j**2/2 - j. What is q(z)?
-1
Suppose 1 - 8 =